of y?
5
Suppose j + 2*x - 90 = -0*j, 0 = -j - x + 86. What is the units digit of j?
2
Let n(h) be the first derivative of h**2/2 + 4*h - 6. Let d(t) = -t**3 - 4*t**2 + 5*t - 2. Let l be d(-5). What is the units digit of n(l)?
2
Let q(a) = 2*a**2 + 3*a + 3. Let y be q(-2). Let v = y - -16. What is the units digit of v?
1
Suppose 3*w + w + 2*o = 112, 5*w - 140 = 2*o. What is the tens digit of w?
2
Suppose -3*q + 2 = -4. What is the units digit of 9 - 2/(q/3)?
6
Suppose -2*j - 39 = -83. What is the units digit of j?
2
Suppose 0 = 3*n + 8 + 7. Let j be (-13)/n + 2/5. Suppose 0 = 4*o - l - 24, j*o - l = -5*l - 1. What is the units digit of o?
5
Suppose 5*c = -o + 117, -2*c - 2*c + 3*o + 105 = 0. What is the units digit of c?
4
Let m = 32 - 8. Suppose o + m = 5*o. Suppose -4*y - k = -o*k - 21, 4*y + 2*k - 14 = 0. What is the units digit of y?
4
Let b = -8 - -11. Suppose 2*w + b*w - 19 = -2*c, -4*c = 12. What is the units digit of w?
5
Suppose -3*f + 4*f - 24 = 0. What is the tens digit of f?
2
Suppose 7*f = 10*f - 108. What is the tens digit of f?
3
What is the tens digit of (-2 - -6) + (73 - -2)?
7
Let d(p) = 4*p**2 - 7*p + 5. What is the tens digit of d(5)?
7
Let p(w) = -w**2 + 9*w - 9. Let b(o) = -o + 1. Let d be b(6). Let t = d + 12. What is the units digit of p(t)?
5
Suppose -45 = -y - n, -5*y + 225 = n - 0*n. What is the units digit of y?
5
Suppose 5*t - 254 = -w - w, -2*w + 242 = -t. Let v = w - 86. Suppose 3*k + 9 = v. What is the units digit of k?
9
Let x(m) = m**2 + 12*m + 15. Let j be x(-11). Suppose -z + j*z + 9 = 0. What is the units digit of 2 + (-18)/(z - 0)?
8
Suppose 0*k - k + 6 = 0. Suppose 4*q - 10 = -3*v, -5*v + 5 + 4 = -q. What is the tens digit of (2/k)/(q/33)?
1
Let k = -3 + -1. Let a = 6 + k. What is the units digit of a?
2
Let m = -3 - -6. Suppose -r = -5 - m. Let x = 9 - r. What is the units digit of x?
1
Let f = 249 - 150. What is the tens digit of f?
9
Suppose -6*n + 3*n = 2*c - 190, -4*c + 368 = 3*n. What is the tens digit of c?
8
Suppose -41*t = -29*t - 456. What is the units digit of t?
8
Suppose 0*p + 240 = 5*p + 2*a, 5*a + 25 = 0. Suppose 12 + p = 2*r. What is the tens digit of r?
3
Let f(b) = b**3 - 4*b**2 + b - 4. Let x be f(4). Suppose 5*l - j = 1, l - 5*l - 2*j + 12 = x. What is the units digit of l?
1
Let f = -1 - -12. Let m(o) = -o**3 - 12*o**2 + o + 12. Let l be m(-12). Let a = l + f. What is the tens digit of a?
1
Suppose -2*p - 2*x - 3*x + 50 = 0, 0 = 2*x. What is the units digit of p?
5
Let o(i) = i**2 + 6*i - 1. Let k be o(-6). What is the units digit of 2 + 2 + k + -1?
2
Suppose 0 = -3*t + 2*t. Suppose -h + 3*o = -13, -5*h - 3*o + 40 - 11 = t. What is the units digit of h?
7
Suppose p - 2*h = 301, -3*h + 911 = 3*p - 7*h. What is the units digit of p?
9
Let f be (-60)/(-1) - (-3)/(-1). Suppose -5*y = 3*c - 95, 2*y - 5*y = c - f. Suppose -16 - y = -5*i. What is the units digit of i?
7
Let x(n) be the second derivative of -n**4/12 - 4*n**3/3 + n**2/2 - 3*n. Let i be x(-7). What is the units digit of ((-10)/i)/((-1)/4)?
5
Suppose -3*o - t - 6 = 0, -3*t - 10 = 5*o - 0*t. Let d = -2 - o. What is the units digit of 7*(0 - -1) + d?
7
Let j(d) = -3*d**2 + 6*d - 3. Let u be j(4). Let q = u - -48. What is the units digit of q?
1
Let v(g) = -7*g - 1. Let l be v(-4). Let a(x) = -x - 3. Let h be a(11). Let m = h + l. What is the units digit of m?
3
Let s = 9 + -5. Suppose 0 = h + s - 15. What is the units digit of h?
1
Suppose -k + 7 = 2. Suppose -39 = -k*i + 4*i. What is the units digit of i?
9
Suppose r - 4*c = 6, -4*r + 5*c = -r - 39. Suppose -5 = g - 2*u - r, -19 = 2*g + 5*u. What is the units digit of g?
3
Let s be 36/21*98/4. Suppose -2*t + s = -d + 5*d, -2*t + d = -57. What is the tens digit of t?
2
Suppose 4*v = -4*g + 268, 0*v + 64 = v + 4*g. Suppose v = 4*n - 0*n. What is the units digit of n?
7
Let h be (-83)/(-3) - (-2)/6. Suppose -5*f + 2 = -h. What is the units digit of f?
6
Let a(w) = -4*w. Let g be a(-1). Suppose 5*u = -g*z - 5 + 79, 3*z - 31 = -2*u. What is the units digit of u?
4
What is the hundreds digit of (52/3)/((-6)/(-36))?
1
Let w = -48 + 120. What is the tens digit of w?
7
Suppose -45 = 4*v + 47. Let k = 16 + v. Let p = k - -12. What is the units digit of p?
5
Let z(f) = -f**3 + 3*f**2 + 5*f - 1. Let o be z(4). Let m(l) = -2*l**2 - 13*l + 7. Let h be m(-5). Suppose 5*k = h + o. What is the units digit of k?
5
Suppose 5*k - 4*y = -0*y + 163, y = 3. What is the tens digit of k?
3
Let g = -8 + 4. Let w = g + 1. What is the units digit of 15/(-10)*2/w?
1
Let k = -118 + 175. What is the units digit of k?
7
Suppose 0 = i - 5 + 1, 3*g + i = 43. What is the units digit of g?
3
Let o = -104 + 410. What is the units digit of o?
6
Let p = -22 + 66. What is the units digit of p?
4
Let n(p) = 2*p + 9. Let b(v) = 6*v - 3. Let o be b(2). What is the tens digit of n(o)?
2
Let n be (2/5)/(3/180). Suppose n = 3*g + g. What is the units digit of (-1)/(2/(-4)) + g?
8
Suppose 82 = 4*f - z - 126, -f + 31 = 5*z. What is the units digit of f?
1
Suppose -2720 = -12*n - 200. What is the tens digit of n?
1
Let d(f) = f**3 + f**2 - 2*f. Suppose -6*z + 11 = -1. What is the units digit of d(z)?
8
Let j = -51 - -27. Let m = j + 40. What is the tens digit of m?
1
Let t(n) = -n**2 + 2*n**2 + 4 - 2*n**2 - 4*n. Let d be t(-4). Suppose d*p - 32 = 8. What is the tens digit of p?
1
Suppose 0 = k + 1 - 3. Suppose -k*a + 44 = -12. What is the units digit of a?
8
Let s(l) = 2*l**2 - 3*l + 4. Let t(h) = 5*h**2 - 9*h + 11. Let z(q) = 8*s(q) - 3*t(q). What is the tens digit of z(3)?
1
Let t(b) = 3*b**2 + 3*b + 2. Let r(x) = x + 3. Let p = 8 - 13. Let g be r(p). What is the units digit of t(g)?
8
Suppose -2*o + 12 + 14 = -2*f, 3 = -o - 3*f. Let w = 15 - o. Let v = -3 + w. What is the units digit of v?
3
Let j(z) = -52*z**3 - z - 2. What is the tens digit of j(-1)?
5
Let o(t) = -t**2 + 4*t + 4. Let j be o(4). Let m = 83 - 54. Suppose -j*h + m = 1. What is the units digit of h?
7
Let v(n) = -n - 3. Let q = -26 + 16. What is the units digit of v(q)?
7
Let p(y) = -y**2 + 2*y - 3. Let d be p(-4). Suppose 0 = -5*s - 2*t - 92, -2*s + 3*t = 2*t + 35. Let w = s - d. What is the units digit of w?
9
Let i(r) = -r + 7. Let m be i(7). Suppose m = -5*n - 2*d + 6 + 37, -3*n = d - 26. What is the units digit of n?
9
Let k = 10 + 10. Let r = k - 14. What is the units digit of r + 3 + -3 + 1?
7
Let t(h) = -4*h**2 + 0*h**2 + 2 - 4*h**2 + h**3. What is the units digit of t(8)?
2
Let r = 32 - 24. What is the units digit of r?
8
Let f(r) = -r**2 - 11*r - 9. What is the units digit of f(-9)?
9
Let i(a) = a**2 - a - 2. Suppose x = 3*q + 1, -2*x = -5*q - 0 - 1. What is the units digit of i(x)?
4
Let p be -36*(21/(-6) - -3). Suppose 2 + p = 4*r. Suppose 8 = 3*l + x, 0 = 5*l - x + r*x - 4. What is the units digit of l?
4
Suppose 2*x + 8 = 0, -4*x + 5 = -3*i + 27. Suppose 51 = 4*p + 2*k + k, 3*p = -2*k + 38. Suppose p + 12 = i*t. What is the units digit of t?
2
Let o = -5 - -11. What is the units digit of o?
6
Let w(c) = 4*c**2 + 12*c + 10. Let o(f) = 3*f**2 + 8*f + 7. Let t(i) = -7*o(i) + 5*w(i). What is the units digit of t(2)?
5
Let t(h) = h**3 + h**2 - h + 3. Let i be t(0). Suppose i*d - 2*d - 7 = 0. What is the units digit of d?
7
Suppose 2*g - 242 = 2*q, 12*g + q = 15*g - 371. What is the hundreds digit of g?
1
Suppose 5*u - 2*t + 3*t - 1010 = 0, 5*u - 1010 = -5*t. What is the tens digit of u?
0
Let v(j) = -4*j**3 - j**2 + j. Let f be v(1). Let a = f - -6. What is the units digit of 6/(a - 1) - 1?
5
Let k(c) = c**3 + 6*c**2 - 2*c - 7. Suppose -2*m - 14 = -z, -z + 3*m = -9 - 0. Suppose -6*t = -2*t + z. What is the units digit of k(t)?
5
Let l = -10 + 30. What is the tens digit of l?
2
Suppose 2*b = 3*k - 0*k - 7, -k - 11 = -4*b. Let n be 1/(-2) + (-166)/b. Let h = 60 + n. What is the tens digit of h?
1
Suppose -2*t - 42 = -2*s, -2*s + 12 = -s + 2*t. What is the units digit of s?
8
Suppose 17*d + 5 = 12*d. Let n = -12 + 24. What is the units digit of n - (-1 - (d + 1))?
3
Let q(a) be the second derivative of a**5/20 + 5*a**4/12 + a**3/2 + 2*a**2 - 6*a. What is the units digit of q(-4)?
8
Let c = -109 + -189. What is the units digit of 6/(-21) + c/(-14)?
1
Let l = 2 + 2. Suppose 0 = -4*n + 3*u - l*u + 16, -n = -4*u - 21. What is the units digit of 10/(-2)*(